is the highest common factor of 7 and i?
7
Let r(f) = -176*f - 5455. Let p be r(-31). What is the greatest common divisor of 2039 and p?
1
Let q be ((-45)/25)/((-15)/50). Let t = 937 - 899. Calculate the greatest common divisor of t and q.
2
Let q(u) = u**2 + 8*u - 41. Let l be q(-12). Suppose l*g = 9*g - 198. Let f = g - 64. Calculate the highest common divisor of 7 and f.
7
Suppose 17490 = -6*m - 4*m. Let s be m/(-198) + (-2)/(-12). What is the greatest common divisor of 1 and s?
1
Let h(d) = -d**2 - 23*d - 120. Let t be h(-10). What is the highest common divisor of t and 5585?
5
Let w = 608 - -69. Let n = -362 + w. Suppose -5*o = -2*o - n. Calculate the highest common factor of o and 15.
15
Let l = 6026 + -3206. Suppose 4*o = -2*h + 1128, 0*o - 3*o = -5*h + l. Let k = -394 + h. What is the greatest common divisor of k and 68?
34
Let h(t) = t**3 + 32*t**2 + 41*t - 55. Let c be h(-30). What is the highest common divisor of c and 5?
5
Let x(d) = 4*d**2 - 7*d - 61. Let l be x(10). Let o = l + 176. Calculate the highest common factor of 178 and o.
89
Suppose 4*t - 4*m - 9328 = -t, t - 4*m - 1872 = 0. Suppose -4*p + t = -4*b, -965 + 37 = -2*p + 4*b. What is the greatest common divisor of p and 52?
52
Let n be (-38)/5 + 8 + 216/10. Suppose 3*u = -4*t + n + 20, -5*t + 5 = -u. What is the greatest common factor of u and 40?
10
Suppose 2*g = -4*u - 0*g - 12, -2*g + 13 = -u. Let d = 21 + u. What is the greatest common factor of d and 24?
8
Let b(g) = g**2 + g + 3. Let a be b(-5). Suppose 0 = -4*s - 6*w + 74, -100 = -5*s - 5*w. Calculate the greatest common factor of s and a.
23
Suppose -3*f - f + 1064 = 4*r, 275 = f - 2*r. Suppose 0 = f*t - 260*t - 162. Calculate the greatest common factor of 6 and t.
6
Suppose -u = -6*u - 3*k + 5, -2 = -2*u + k. Let g be 34 + (-9 + u - -6). Calculate the greatest common factor of g and 608.
32
Let q be -14 + (-9768)/(-703) - (-23087)/19. Calculate the highest common factor of q and 150.
15
Let n(m) be the first derivative of -15*m**2 + 140*m - 43. Let q be n(-6). Calculate the greatest common factor of q and 5.
5
Let o = 13 + -4. Suppose -3*a = -6*a + 21. Let g(p) = -p + 10. Let k be g(a). What is the greatest common divisor of o and k?
3
Suppose s = 5*r - 6970 - 1875, -5*s - 8845 = -5*r. What is the greatest common divisor of 61 and r?
61
Let u(j) = j**3 + 38*j**2 + 34*j - 107. Let q be u(-37). What is the greatest common factor of 22288 and q?
4
Suppose 5*m - p - 2074 = 0, 114*m + 2918 = 121*m + p. What is the greatest common factor of 1274 and m?
26
Let s = 523 + -316. What is the highest common factor of s and 391?
23
Suppose 0 = -55*i + 34*i + 924. Let y(m) = -m**2 - 10*m + 12. Let r be y(-10). Let x = r + -8. Calculate the highest common divisor of i and x.
4
Let x = 961 + -901. What is the highest common divisor of 380 and x?
20
Suppose -5*f = 2*i - 16242, 58*i = -4*f + 61*i + 12989. What is the greatest common divisor of 87 and f?
29
Suppose 3*w = 5*z + 2541, 0 = -5*w - 139*z + 142*z + 4203. What is the greatest common factor of 496 and w?
31
Let o(m) = -m**3 - 8*m**2 - 6*m + 9. Let p be o(-7). Suppose p*y - 73 = 3*y. Let h = 121 + y. What is the highest common factor of 24 and h?
24
Let k(s) = -s**3 + s + 171. Suppose -2*l = -5*l. Let y be k(l). Suppose 3*b - y = -4*n + n, -4*n = -b - 213. What is the greatest common factor of n and 6?
6
Let w(z) = -14*z**3 - 3*z**2 - z + 1. Let a be w(-1). Let f = a + -68. Let h be f*2/(-8) + (-81)/(-324). Calculate the highest common factor of h and 154.
14
Suppose -4*n = -t - 49, -38 = -0*n - 3*n + 2*t. Let g be (-4)/1*343/(-28). Suppose 1 = -4*f + g. What is the greatest common divisor of f and n?
12
Let x be (-69)/276 + 449/4. Let s = -556 - -563. What is the highest common divisor of x and s?
7
Suppose 3*f - 5*f + 202 = 2*n, -389 = -4*f - n. What is the greatest common factor of f and 2148?
12
Let l(v) = 42*v**2 - 7*v - 9. Let z be l(-3). Let f = 630 - z. What is the highest common divisor of f and 15?
15
Suppose 90*j + 30151 = 4951. Suppose 0 = 5*y + 3*u - 2006, 0 = 4*y - 5*u - 1776 + 186. Let h = j + y. Calculate the highest common factor of 24 and h.
24
Let n be -2 + 10 + -6*(-5)/(-5). Suppose -n*i = -2*d + 62, -10*i + 11*i = -d + 35. Calculate the highest common divisor of d and 231.
33
Suppose i + 13 - 28 = 0. Let k(t) = t**3 + 56*t**2 + 125*t - 1682. Let b be k(-53). What is the greatest common divisor of b and i?
15
Let u(m) = 2*m - 26. Let v be u(12). Let j be (-2 - v)/(-4 - 0). Suppose j = -l - 17 + 22. Calculate the highest common divisor of 10 and l.
5
Suppose -234 - 30 = 4*m. Suppose 289 - 61 = 3*g. Let c = g + m. What is the highest common divisor of 110 and c?
10
Suppose 0 = 6*a + 3*z - 561, 2*z = 24 - 10. Let f = -34 + 3. Let j = -13 - f. What is the greatest common factor of j and a?
18
Let w(b) be the second derivative of b**4/12 + b**3/6 - 3*b**2 - 6*b. Let o be w(-7). Suppose 0 = -5*y + 9*y - o. What is the highest common factor of 1 and y?
1
Let b(x) = -x**3 - 63*x**2 + 199*x + 526. Let f be b(-66). Calculate the highest common factor of f and 230.
230
Let j(n) = -2*n**2 + 57*n - 13. Suppose 23*u - 609 - 35 = 0. Let z be j(u). Calculate the greatest common divisor of 27 and z.
3
Suppose -3*d - 21 = -3*t, 5*d + 28 - 5 = -t. Let h be ((-696)/20)/(1/(100/(-15))). Let w = h - 210. Calculate the highest common divisor of w and t.
2
Let t(n) = 42*n - 15. Let b be t(5). Let h = b - 172. Calculate the highest common factor of h and 2.
1
Suppose 24 = -c + 3*b + 150, 0 = -b - 2. Let z(v) be the first derivative of 2*v**2 - 8*v - 60. Let w be z(5). Calculate the highest common factor of w and c.
12
Let j be (-12)/24*(-508)/6 - 24/(-36). Calculate the highest common factor of 387 and j.
43
Suppose -g + 5 = -3*r + 2, -2*r - 4 = -g. What is the highest common divisor of 1973 and r?
1
Suppose 3*w + 4*c - 136 = 0, 5*w - w + 5*c - 181 = 0. Suppose -s = -170*j + 168*j + 63, 0 = 7*j + 4*s - 243. Calculate the greatest common factor of j and w.
11
Let z be 1*(-21)/6*2. Let t be (-6)/((-716)/(-104) + z). Calculate the highest common divisor of 65 and t.
13
Let p(q) = 332*q - 4. Let r be p(1). Let h = -338 + 379. Calculate the greatest common factor of r and h.
41
Let k(h) = 6*h**2 - 17*h + 31. Let b be k(2). Suppose -2*g = -4*q - 96, -18*g - 139 = -b*g + q. What is the highest common divisor of 92 and g?
46
Suppose -5*f + 542 = -4*i, 12*i - 278 = 14*i + f. Let q be 46/i - 16/6 - -84. Calculate the greatest common factor of 270 and q.
27
Suppose 0 = 6*o - 7*o - 25. Let n = o - -46. What is the highest common factor of n and 168?
21
Let p be ((-438)/(-10))/((-196)/100 + 2). Suppose -4*b - 8*k + 874 = -13*k, p = 5*b - 5*k. What is the highest common divisor of b and 34?
17
Let x be ((-4)/6)/((-2)/3). Suppose 0 = 5*f - 21 - 94. Suppose -5*o - 10 = 0, -18*b + f*b - 5*o - 35 = 0. What is the greatest common factor of x and b?
1
Let y = -2528 + 3378. What is the greatest common divisor of 200 and y?
50
Let p = -257 + 69. Let w = -159 - p. Calculate the greatest common divisor of w and 29.
29
Let h be (9 - 5)*(-1 + 2) - -88. Let p(s) = -1. Let i(x) = -22*x - 7. Let y(w) = -i(w) + 6*p(w). Let f be y(1). Calculate the highest common divisor of h and f.
23
Suppose 5*f - 502 = -2*z, 9*f - z = 5*f + 399. Let a = f - 4. Calculate the highest common divisor of 36 and a.
12
Let c be 20*1/((-1)/(-4)). Suppose 3*x = -2*g + 125, -g - g + c = 2*x. Let y = -186 - -216. What is the highest common factor of y and x?
15
Suppose -2*u + 3 - 1 = -2*m, -5*u + 30 = 0. What is the highest common factor of m and 295?
5
Suppose w = 2*s - 71, -9*s = -14*s + 2*w + 178. Calculate the greatest common divisor of s and 3.
3
Suppose -129*w + 112 + 1823 = 0. What is the highest common factor of 1130 and w?
5
Let u = -45 + 50. Suppose 4*l + 51 = 2*f - 15, -u*l + 119 = 4*f. Calculate the highest common factor of 2 and f.
1
Let t = 5763 + -5476. What is the greatest common divisor of t and 56?
7
Let w be -1*((-60)/3 + 0). Let f = -21 - -23. Suppose -f*j - 5*n = -360, -3*j + 0*n = 3*n - 540. What is the greatest common divisor of j and w?
20
Let l = 35879 + -22229. Suppose 0 = 50*m - 29*m - l. Calculate the greatest common divisor of 26 and m.
26
Suppose 0 = -15*o - 2*o + 1870. Let t be 275 - (-2 + 2)/(12 + 